Give p(-21).
-15
Let d(z) = z**3 - 15*z**2 - 26*z + 95. What is d(16)?
-65
Let m(o) = o**2 - 557*o - 19466. What is m(-33)?
4
Let m(b) = -5*b**3 - 42*b**2 + 24*b - 23. Give m(-9).
4
Let c(d) = -2*d**3 + 11*d**2 - 7*d + 24. Calculate c(5).
14
Let g(i) = 2*i**3 + 10*i**2 - 45*i - 195. What is g(-6)?
3
Let j(u) = -u**3 + 32*u**2 - 57*u - 86. Give j(30).
4
Let q(r) = -430*r - 200801. What is q(-467)?
9
Let x(q) = -4*q**3 + 28*q**2 - 24*q. What is x(6)?
0
Let y(a) = -4076*a - 14. Give y(0).
-14
Let p(r) = -35*r + 263. Give p(22).
-507
Let v(l) = 2*l**2 - 9*l - 59. Give v(9).
22
Let g(n) = -2*n**3 + 11*n**2 - 28*n + 24. Determine g(3).
-15
Let p(z) = 44*z - 3586. What is p(81)?
-22
Let s(d) = 40*d + 174. What is s(-4)?
14
Let v(w) = -3*w**3 - 150*w**2 - 146*w + 31. Calculate v(-49).
-18
Let f(k) = k**2 + 47*k + 107. Calculate f(-23).
-445
Let k(z) = 3*z**3 - 27*z**2 - 6*z + 44. Calculate k(9).
-10
Let z(w) = -w**3 - 11*w**2 + 336*w + 3499. Calculate z(-19).
3
Let h(s) = s**3 - 135*s**2 + 392*s + 522. Give h(132).
-6
Let h(a) = 128*a + 19955. Determine h(-156).
-13
Let d(h) = -2*h**3 + 90*h**2 - 89*h + 62. Give d(44).
18
Let m(k) = 26*k + 483. Calculate m(-19).
-11
Let r(s) = -287*s - 13765. Determine r(-48).
11
Let n(u) = -76*u - 4540. Calculate n(-60).
20
Let l(f) = 1747*f + 38430. Determine l(-22).
-4
Let j(h) = -4*h**2 + 214*h - 144. What is j(53)?
-38
Let l(y) = -10*y**2 + 122*y - 26. Give l(12).
-2
Let c(t) = -2*t**3 + 32*t**2 - 61*t + 64. Determine c(14).
-6
Let v(q) = -19*q - 619. What is v(-45)?
236
Let n(a) = 11*a + 121. What is n(-3)?
88
Let j(f) = 2*f**2 - 32*f - 452. Give j(23).
-130
Let v(i) = -2*i**2 - 80*i - 789. Calculate v(-19).
9
Let k(f) = f**2 - 13*f + 8. Give k(7).
-34
Let x(a) = 14*a - 1971. Determine x(139).
-25
Let o(j) = j**3 - 26*j**2 + 81*j + 147. What is o(22)?
-7
Let q(x) = 474*x**2 + 11379*x + 82. Calculate q(-24).
10
Let o(w) = -w**3 + w**2 - 411*w + 1703. What is o(4)?
11
Let b(h) = -2*h**2 - 10*h - 4. What is b(-4)?
4
Let l(r) = 8*r + 36. Determine l(-5).
-4
Let n(z) = -197*z - 246. Calculate n(-4).
542
Let w(h) = -h**3 - 104*h**2 - 7*h - 741. Determine w(-104).
-13
Let l(r) = -r**3 + 12*r**2 + 149*r + 248. Give l(20).
28
Let v(a) = 6*a**2 - 64*a + 63. What is v(1)?
5
Let c(k) = 5*k**2 + k - 48. What is c(7)?
204
Let q(w) = -15*w**2 + 190*w - 4. Give q(12).
116
Let f(k) = k**2 + 43*k + 152. Give f(-38).
-38
Let i(v) = -20*v**2 - 4*v - 12. What is i(-4)?
-316
Let f(h) = 18*h + 204. Give f(-10).
24
Let k(x) = -96*x + 7773. Calculate k(81).
-3
Let r(a) = -76*a - 1683. Calculate r(-23).
65
Let r(s) = s**2 - 82*s + 1508. What is r(28)?
-4
Let d(g) = 5807*g + 34864. Determine d(-6).
22
Let z(s) = s**3 - 26*s**2 + 111*s - 2153. Determine z(25).
-3
Let r(p) = 3298*p - 40. Calculate r(0).
-40
Let w(l) = -112*l + 11927. Give w(106).
55
Let k(m) = -14*m**3 - 310*m**2 - 43*m - 33. Calculate k(-22).
-55
Let i(v) = -164*v + 994. Calculate i(6).
10
Let y(z) = 56*z - 3307. What is y(59)?
-3
Let t(z) = -6*z**2 - 4*z + 6. Give t(5).
-164
Let u(i) = -142*i + 2440. Give u(17).
26
Let n(v) = v**3 + 6*v**2 - 6*v - 21. Calculate n(-6).
15
Let g(z) = z**3 + 107*z**2 - 808*z - 9. Determine g(7).
-79
Let f(m) = -m**3 - 7*m**2 + 53*m + 62. Calculate f(-11).
-37
Let o(r) = -r**3 - 1753*r**2 - 4*r - 2. Give o(0).
-2
Let u(k) = -k**2 - 445*k - 37080. What is u(-334)?
-6
Let l(k) = -9*k**2 + 8*k - 5. What is l(0)?
-5
Let o(v) = 5*v - 83. Give o(0).
-83
Let g(p) = p**2 - 63*p - 333. Give g(67).
-65
Let u(w) = w**3 - 9*w**2 + 5*w - 148. Determine u(10).
2
Let c(o) = -39*o + 336. Give c(8).
24
Let f(a) = 18*a**2 + 305*a - 2147. What is f(7)?
870
Let u(x) = -x**2 - 25*x + 443. Determine u(0).
443
Let t(s) = -7*s**2 - 543*s - 838. Give t(-76).
-2
Let g(f) = -1125*f + 3782. Give g(3).
407
Let q(l) = 127*l - 233. Calculate q(2).
21
Let l(u) = -2*u - 83. Calculate l(-24).
-35
Let c(z) = 2*z**3 + 46*z**2 - 212*z + 106. Give c(-27).
-2
Let d(m) = -m**2 + 2*m + 146. Calculate d(13).
3
Let p(k) = 9*k + 12. Give p(-18).
-150
Let i(j) = 3*j**3 - 317*j**2 - 105*j - 114. Determine i(106).
-8
Let p(h) = 4*h**2 - 42*h + 68. Determine p(9).
14
Let d(g) = g**3 - 41*g**2 + 87*g + 1029. Determine d(38).
3
Let b(p) = p**3 + 23*p**2 - 210*p + 18. What is b(-30)?
18
Let p(s) = -s - 142. Calculate p(-16).
-126
Let f(a) = a**3 - 71*a**2 - 10*a + 706. Calculate f(71).
-4
Let o(b) = 29*b - 208. Determine o(14).
198
Let x(d) = 1231*d + 3. What is x(0)?
3
Let p(z) = -z**2 + 104*z - 172. Determine p(104).
-172
Let v(y) = -y**2 - 2*y - 20. Give v(10).
-140
Let o(z) = -62*z + 9201. What is o(154)?
-347
Let k(d) = -21*d**2 - 31*d - 55. Give k(-2).
-77
Let g(m) = -33*m + 919. Give g(30).
-71
Let a(z) = -z**2 + 15*z + 520. Calculate a(18).
466
Let x(n) = -n**2 - 6*n + 6. Calculate x(-8).
-10
Let z(k) = -2*k**3 + 52*k**2 + 28*k - 701. What is z(26)?
27
Let j(k) = -k**2 + 19*k + 533. Give j(38).
-189
Let l(z) = -z**2 + 10*z + 35. Determine l(-3).
-4
Let a(l) = l**3 - 7*l**2 + 6*l + 13. What is a(6)?
13
Let n(r) = -71*r + 278. Determine n(4).
-6
Let s(v) = -115*v - 546. What is s(-4)?
-86
Let h(w) = 65*w - 1692. Give h(26).
-2
Let l(j) = -j**3 + 3*j**2 + 87*j - 1. What is l(-8)?
7
Let k(y) = 7*y**2 + 233*y - 600. Calculate k(-36).
84
Let q(z) = z**3 - 18*z**2 - 27*z + 132. Calculate q(19).
-20
Let u(z) = 53*z**2 + 28*z + 119. Give u(-4).
855
Let i(u) = -560*u - 4. What is i(-1)?
556
Let f(i) = i**2 - 141*i + 1632. Calculate f(128).
-32
Let p(x) = x**2 + 53*x + 20. Give p(-49).
-176
Let d(n) = n**3 - 7*n**2 + 8*n. Give d(3).
-12
Let z(u) = 2*u**2 - 10*u + 202. What is z(0)?
202
Let g(q) = -63*q + 4536. What is g(81)?
-567
Let a(f) = -6*f**2 - 638*f - 180. Determine a(-106).
32
Let h(l) = -5*l + 183. What is h(47)?
-52
Let u(i) = i**2 - 340*i + 5495. Determine u(17).
4
Let c(m) = -1172*m + 3514. Determine c(3).
-2
Let a(i) = -i**3 - 56*i**2 - 159*i + 3. Calculate a(-53).
3
Let g(d) = -d**3 - 32*d**2 - 70*d - 193. Give g(-30).
107
Let t(b) = b**3 + 78*b**2 - 5*b - 400. Determine t(-78).
-10
Let l(a) = -818*a - 44991. What is l(-55)?
-1
Let n(b) = 14*b + 392. Calculate n(-50).
-308
Let z(u) = -102*u**2 + 8*u + 7. Give z(-1).
-103
Let z(t) = t**2 - 174*t + 5371. Give z(40).
11
Let m(r) = 140*r + 414. Give m(-3).
-6
Let a(b) = 32*b + 1413. Give a(-44).
5
Let j(h) = 23*h - 53. What is j(3)?
16
Let d(a) = a**2 - 58*a + 768. Give d(37).
-9
Let o(g) = 19*g - 50. Determine o(2).
-12
Let u(s) = s**2 - 205*s + 4185. Determine u(23).
-1
Let p(l) = -9*l**2 + 9*l - 22. Determine p(2).
-40
Let z(m) = 2*m**2 + 159*m + 821. Give z(-74).
7
Let d(o) = 2702*o - 10810. Determine d(4).
-2
Let k(u) = u**3 - 26*u**2 - 119*u - 84. Determine k(30).
-54
Let a(t) = 334*t + 51122. Give a(-153).
20
Let p(m) = -73*m**2 + 153*m + 4. What is p(2)?
18
Let k(x) = -4*x**2 + 3771*x + 15150. Calculate k(-4).
2
Let l(z) = -28*z - 1456. Give l(-54).
56
Let v(s) = -s**3 + 4*s**2 - 10*s + 40. What is v(8)?
-296
Let p(u) = u - 88. What is p(-7)?
-95
Let b(n) = 14*n + 276. Determine b(-20).
-4
Let o(f) = -13*f**2 - 1129*f + 181. Give o(-87).
7
Let i(c) = -267*c - 278. Determine i(-1).
-11
Let d(l) = l**2 - 248*l - 758. Determine d(-3).
-5
Let f(z) = 2*z**2 - 35*z - 326. Calculate f(25).
49
Let c(t) = 2*t**2 + 83*t + 201. Calculate c(-39).
6
Let z(i) = -i**2 - 187*i - 2731. Determine z(-16).
5
Let u(c) = -c**3 + 17*c**2 + 26*c + 17. Determine u(18).
161
Let r(w) = 48*w - 16. Give r(-4).
-208
Let q(m) = 836*m + 6688. What is q(-8)?
0
Let u(d) = 2*d**2 - 2*d + 13. Determine u(6).
73
Let y(l) = -172*l - 6208. Calculate y(-36).
-16
Let o(w) = 45*w + 385. Calculate o(-9).
-20
Let n(g) = -32*g**2 - 97*g - 191. Calculate n(-2).
-125
Let i(a) = 35*a**2 - 322*a - 251. Give i(10).
29
Let d(f) = -24*f + 277. Determine d(-4).
373
Let j(u) = 63*u + 841. Calculate j(-13).
22
Let z(x) = 2*x**3 + 420*x**2 - 1263*x + 5. Calculate z(3).
50
Let w(a) = -a**3 + 10*a**2 + 60*a - 46. Determine w(14).
10
Let n(w) = 33*w**3 + 4*w + 3. Calculate n(-1).
-34
Let t(l) = l**2 - 56*l - 300. Give t(-5).
5
Let z(l) = -294*l - 2049. What is z(-7)?
9
Let a(b) = -5*b**2 - 50*b + 78. What is a(-11)?
23
Let z(h) = 9*h - 247. Calculate z(45).
158
Let b(t) = 3*t**2 - 7*t - 687. Determine b(-20).
653
Let a(g) = 2*g**3 + 22*g**2 - 9*g + 185. Calculate a(-12).
5
Let t(j